= 3*g. Suppose y - 12 = 4*u + 1113, -4*u + g = 2*y. Is y composite?
False
Let s = -1090 + 35321. Is s composite?
False
Let z = 3481 - -6762. Is z a composite number?
False
Let g(b) = -4*b**3 + 2*b**2 + b - 5. Let h be g(2). Let q = h - -27. Suppose -2*o - 2*w + 162 = q, 2*w = -o - 4*o + 411. Is o a prime number?
True
Let j = 1822 - -8429. Suppose -44*l - j = -53*l. Is l composite?
True
Suppose u + t = 54445, 7*u - 4*t = 4*u + 163300. Suppose -17*l + 9*l = -u. Is l a prime number?
False
Suppose 15*h - 14*h + 5 = 0. Let a be -5*3/h + -25. Let q = 609 + a. Is q composite?
False
Let o(k) = -771*k**3 - 8*k**2 - 6*k + 15. Is o(-2) a prime number?
True
Let j be (18 - 17)*(1 + -1). Let q(u) = u + j + 4 + 104*u**2 - 7*u**2 + 5. Is q(-3) prime?
False
Let k be (-7)/((-273)/1747759) - (-1)/(-3). Suppose k = 28*f - 42350. Is f prime?
False
Suppose -78622 + 27988 = -6*v + 65808. Is v composite?
True
Let t be (26 - -8)/((-2)/71). Is 0/7 - t - -6 composite?
False
Let l(p) = p**3 - 6*p + 24 + 2*p + 10*p**2 + 8*p - p. Let z be l(-9). Suppose -4*d - z = -7*d. Is d a prime number?
False
Is ((40/(-15))/8)/((-5)/195495) a composite number?
False
Let l = -13717 + 27238. Is l a prime number?
False
Suppose 761*q - 774*q + 28327 = 0. Is q a prime number?
True
Let b = -113752 - -196451. Is b a composite number?
False
Let h = 80997 - 45394. Is h a prime number?
True
Let g = 911380 + -436433. Is g prime?
False
Suppose 0 = 4*q - 0*q - 8. Suppose -20 = d - q*d - 4*o, -3*o = -d - 1. Suppose 2662 - 6846 = -d*g. Is g a prime number?
True
Suppose n - 198 - 50 = 0. Let w = n - 69. Is w composite?
False
Let v(z) = -3723*z - 56. Suppose 0 = 3*c - 2*c + 5*o + 13, 5*c = -o - 17. Is v(c) a composite number?
False
Let u = 109 - 107. Suppose -98 = -5*a + 3*t, -4*a + 97 = a - u*t. Is a prime?
True
Suppose -2*w - 309 = -315. Suppose 4*c + 9*i - 46988 = 5*i, -w*i = 5*c - 58727. Is c a composite number?
False
Is 14137118/12 + (-2)/12 + 57 + -63 a composite number?
False
Let w(n) be the third derivative of -11/2*n**3 + 9/8*n**4 + 0*n - 1/60*n**5 - 35*n**2 + 0. Is w(23) a prime number?
True
Suppose -1306225 = -3*d + 2*w, -5*w - 2003 - 433401 = -d. Is d composite?
True
Suppose 2035914 + 182101 = 19*o - 1250682. Is o a prime number?
False
Suppose 6 = 42*k - 39*k. Suppose k*c = -c + 3*w + 9051, -9049 = -3*c + 4*w. Is c prime?
True
Let a = 3442 + -1891. Let k = a - -638. Is k a prime number?
False
Let c(x) = -81*x + 28. Suppose -386*u = -382*u + 52. Is c(u) a prime number?
False
Let f(b) = 624*b**2 - 291*b + 2080. Is f(7) a composite number?
True
Suppose -4*w + 13 = l + w, l + 2*w - 7 = 0. Let q be (-2406)/(-4)*(-1 + (-17)/l). Let s = -2277 - q. Is s composite?
False
Let j = 36862 + -1683. Is j a prime number?
False
Suppose 8109*r = 8103*r + 1327686. Is r composite?
False
Let u be -28 + 175 - (-1 + -1). Suppose 16*c = 4533 - u. Let r = 121 + c. Is r a composite number?
True
Is (-2)/(-3)*(61365/30 - 1) prime?
False
Suppose -2*r + 755770 = -2*j, 763793 = 4*r + 3*j - 747761. Is r composite?
False
Suppose 0*r + 2*r - h - 10 = 0, -20 = 5*h. Suppose 0 = 9*a - 4*a + 235. Is (-40)/5*a + r prime?
True
Suppose p - 12 = -22. Is (-34595)/(-10) + p/4 prime?
True
Is (-42)/33*(-44)/308 + 6612395/11 prime?
True
Suppose -4*l + 4*f = -1546872, 4*f - 507990 = -2*l + 265416. Is l composite?
False
Suppose 266*z + 16 = 270*z. Suppose 4*i + 235 = z*r - 3*r, -3*i = -3*r + 741. Is r composite?
False
Let x(h) = -h**3 - 8*h**2 - 6*h - 5. Let q be x(-7). Let k be (-19)/(-114) + 9278/q. Let g = k - -1260. Is g a prime number?
True
Let u be (16/40)/((-2)/(-20)). Let k(x) = -12 + 5 + x**2 - u*x**3 + 3*x**2 + 8*x**3 + 6*x. Is k(4) a composite number?
False
Suppose -2485 = -14*m + 13*m. Is 4*6/4 + m composite?
True
Let z(y) be the third derivative of -y**7/840 + 19*y**6/360 - 7*y**5/120 + y**4/24 - y**3/3 + 4*y**2. Let d(g) be the first derivative of z(g). Is d(18) prime?
True
Suppose 2*q - 15036 = -5*c, -19428 - 10622 = -4*q + c. Is q composite?
True
Let i = 76347 - 24814. Is i a composite number?
True
Let u(z) = -z**3 - 3*z**2 - 4*z - 5. Let v be u(-3). Suppose 0 = v*l - 2*l - 1235. Suppose l = 3*s - 116. Is s prime?
False
Let b = 1081 + -1077. Let i be (0 - 0) + (1 - -204). Suppose -1097 = -b*o - i. Is o composite?
False
Let v be -6 + 280/45 + 94/(-18). Let j = 22 - v. Is 4029/j - (-10)/(-45) prime?
True
Let r be 1/((-1)/(-5130)) - -2. Let x = 2622 + -6097. Let q = r + x. Is q a composite number?
False
Suppose -b - 20 = 4*f, 2*b - 4*f = 2 + 6. Let w(p) = 101*p**3 + 5*p**2 + 5*p - 17. Let j(v) = -20*v**3 - v**2 - 2*v. Let a(i) = 6*j(i) + w(i). Is a(b) prime?
False
Suppose 4*v - 2*j = 160, 0 = -2*j - 11 + 3. Suppose 22*c + 258288 = v*c. Is c composite?
True
Suppose 0 = -2*o - r - 9, -3*r + 18 = -o - 4. Let d = 4886 - 4837. Is (-21)/d + (-5036)/o composite?
False
Let l = 1205 - 1975. Suppose -5*p + 5*t - 10 = 0, -3*p - 2*t = 2*t - 1. Is (p - l)/(0 + 1) composite?
False
Suppose -6*s = -2*s + b - 3510, -b = 5*s - 4387. Is s a composite number?
False
Let s = 30373 + 281566. Is s composite?
True
Let g be -227 + (-4 - 3 - -3) + 9. Suppose 3*j + 7315 = 8*j. Let y = g + j. Is y a composite number?
True
Let h(z) = -3*z - 29. Let m be h(-12). Suppose -m*n + 544 = -1759. Suppose l + n = 2*t, 3*t - 480 = -l - 2*l. Is t composite?
False
Let d(u) = u**3 - 2*u**2 + 3*u + 1. Let m be d(2). Suppose -3*n = -m - 2. Suppose -2*i + 1877 = n*z, -3*i - 2*i + 4*z + 4727 = 0. Is i a prime number?
False
Suppose 0*t = -2*t - 8, 4*x - 28 = -3*t. Suppose -x = -7*d - 3. Is 78 + 1 + (d - -3) a composite number?
False
Let o(r) = 64 - 19*r**2 - 28 + 21*r - 24 + r**3. Let n be o(18). Is ((-2)/4)/((-11)/n)*947 a prime number?
False
Let d(o) = 15 - 6897*o - 7 + 39 + 24. Is d(-6) prime?
True
Let v = 2626 - -5055. Suppose -6*i = -i + 5*s - 7665, v = 5*i + s. Is i composite?
True
Let f(p) = 12*p**2 + 8*p - 9. Let s be (2/(-4))/(16/2272). Let n = s - -66. Is f(n) composite?
False
Let a(g) = 797*g**2 - g - 97. Is a(21) composite?
False
Let w be 1/(12/16) - (-4)/(-3). Suppose w = l + 4*l - 30. Suppose 4878 = l*k - 0*k. Is k prime?
False
Let s(m) = 11*m**2 + 4 + 3 + 4*m**2 - 5*m - 2. Let f be s(2). Is -5 - -8 - (0 - f)/1 a prime number?
False
Let v = -523030 + 887769. Is v a prime number?
True
Is 394/2167 + 27762227/11 composite?
False
Let s(b) = 62*b**2 + 11*b - 4. Let r = 987 + -996. Is s(r) composite?
False
Is (1 - (5 - 8)) + 154507 prime?
False
Is (-6846441)/(-84) - (-11)/(-44) composite?
True
Let g be (23 + (-25)/5)*265128/18. Is g/96 + (0 - (-1)/4) a prime number?
False
Suppose 243625 = -u + 12*u - 690330. Is u a prime number?
False
Suppose -3*c + 10 = 2*x - 6*c, -2*c + 5 = x. Suppose a + 607 = x*v + 8, -2*a - 365 = -3*v. Is v a composite number?
True
Let u = -110 + 1701. Let p = -396 + u. Is p a prime number?
False
Let x = -77 - -472. Let n = -210 - -420. Let l = x - n. Is l composite?
True
Let h(i) = i**3 + 9*i**2 + 21*i + 3. Let s be h(-5). Is 19016/(s*1)*(-200)/160 a composite number?
True
Let t = -509 + 1894. Suppose 45 - t = -4*i. Is i prime?
False
Let g = -1856 + 7308. Suppose 2*p - 5918 = x, -5*x - 482 = -2*p + g. Suppose 5*i + 712 - p = 0. Is i a prime number?
True
Let u(c) be the third derivative of -37*c**9/60480 - c**8/10080 + c**6/240 - c**5/3 - 23*c**2. Let b(y) be the third derivative of u(y). Is b(-2) prime?
False
Let a(g) = 4*g**2 - 31*g - 10. Let d be a(8). Is (-16115)/d + (9/6)/(-3) a composite number?
True
Is (-2)/(-17) - ((-13053128)/136 - 34) a composite number?
False
Suppose -52*w + 108 + 100 = 0. Suppose -381361 = -w*u - 13*u. Is u a composite number?
False
Let g = 2524 + -1491. Suppose 3*x = 2*i - g, -533 - 524 = -2*i - 5*x. Is i prime?
True
Suppose -44*u + 19868308 - 2612520 = 0. Is u a composite number?
False
Suppose -100*l + 695335 = -185*l + 90*l. Is l prime?
True
Suppose -u = 17 - 19. Suppose 0 = -u*a - 8*x + 11*x + 14555, a = 2*x + 7279. Is a a prime number?
False
Suppose -16742 = -3*z + 4*h + 69577, 86328 = 3*z - h. Is z a composite number?
True
Let g(f) = -2186*f - 483. Is g(-40) a prime number?
False
Let v(u) = u**3 + 519*u - 514*u - 12 + 2 + 8*u**2. Let j be v(-7). Suppose 2*b - 2*r = -4*r + 296, b = -j*r + 157. Is b composite?
True
Is ((-4)/(-6) - 28/33) + (-3258558576)/(-5676) a prime number?
False
Let p = -5726 - -6001. 